{"id":30998,"date":"2022-06-27T16:01:22","date_gmt":"2022-06-27T14:01:22","guid":{"rendered":"https:\/\/www.43einhalb.com\/blog\/?page_id=30998"},"modified":"2022-06-27T16:12:37","modified_gmt":"2022-06-27T14:12:37","slug":"danke","status":"publish","type":"page","link":"https:\/\/www.43einhalb.com\/blog\/danke\/","title":{"rendered":"Danke f\u00fcrs Mitmachen"},"content":{"rendered":"<article class=\"entry-content\"><h4>Viel Gl\u00fcck! Wir dr\u00fccken Dir die Daumen.<\/h4>\n<p>\n<a href=\"http:\/\/www.43einhalb.com\">ZUR\u00dcCK ZUM SHOP<\/a><\/p>\n<\/article>","protected":false},"excerpt":{"rendered":"<p>Viel Gl\u00fcck! Wir dr\u00fccken Dir die Daumen. ZUR\u00dcCK ZUM SHOP<\/p>\n","protected":false},"author":19,"featured_media":0,"parent":0,"menu_order":0,"comment_status":"closed","ping_status":"closed","template":"","meta":{"footnotes":""},"yoast_head":"<!-- This site is optimized with the Yoast SEO plugin v21.3 - https:\/\/yoast.com\/wordpress\/plugins\/seo\/ -->\n<title>Danke f\u00fcrs Mitmachen | 43einhalb blog \ud83d\udc5f<\/title>\n<meta name=\"robots\" content=\"index, follow, max-snippet:-1, max-image-preview:large, max-video-preview:-1\" \/>\n<link rel=\"canonical\" href=\"https:\/\/www.43einhalb.com\/blog\/danke\/\" \/>\n<meta property=\"og:locale\" content=\"de_DE\" \/>\n<meta property=\"og:type\" content=\"article\" \/>\n<meta property=\"og:title\" content=\"Danke f\u00fcrs Mitmachen | 43einhalb blog \ud83d\udc5f\" \/>\n<meta property=\"og:description\" content=\"Viel Gl\u00fcck! Wir dr\u00fccken Dir die Daumen. ZUR\u00dcCK ZUM SHOP\" \/>\n<meta property=\"og:url\" content=\"https:\/\/www.43einhalb.com\/blog\/danke\/\" \/>\n<meta property=\"og:site_name\" content=\"43einhalb blog\" \/>\n<meta property=\"article:modified_time\" content=\"2022-06-27T14:12:37+00:00\" \/>\n<meta name=\"twitter:card\" content=\"summary_large_image\" \/>\n<script type=\"application\/ld+json\" class=\"yoast-schema-graph\">{\"@context\":\"https:\/\/schema.org\",\"@graph\":[{\"@type\":\"WebPage\",\"@id\":\"https:\/\/www.43einhalb.com\/blog\/danke\/\",\"url\":\"https:\/\/www.43einhalb.com\/blog\/danke\/\",\"name\":\"Danke f\u00fcrs Mitmachen | 43einhalb blog \ud83d\udc5f\",\"isPartOf\":{\"@id\":\"https:\/\/www.43einhalb.com\/blog\/#website\"},\"datePublished\":\"2022-06-27T14:01:22+00:00\",\"dateModified\":\"2022-06-27T14:12:37+00:00\",\"breadcrumb\":{\"@id\":\"https:\/\/www.43einhalb.com\/blog\/danke\/#breadcrumb\"},\"inLanguage\":\"de\",\"potentialAction\":[{\"@type\":\"ReadAction\",\"target\":[\"https:\/\/www.43einhalb.com\/blog\/danke\/\"]}]},{\"@type\":\"BreadcrumbList\",\"@id\":\"https:\/\/www.43einhalb.com\/blog\/danke\/#breadcrumb\",\"itemListElement\":[{\"@type\":\"ListItem\",\"position\":1,\"name\":\"Startseite\",\"item\":\"https:\/\/www.43einhalb.com\/blog\/\"},{\"@type\":\"ListItem\",\"position\":2,\"name\":\"Danke f\u00fcrs Mitmachen\"}]},{\"@type\":\"WebSite\",\"@id\":\"https:\/\/www.43einhalb.com\/blog\/#website\",\"url\":\"https:\/\/www.43einhalb.com\/blog\/\",\"name\":\"43einhalb blog\",\"description\":\"\",\"publisher\":{\"@id\":\"https:\/\/www.43einhalb.com\/blog\/#organization\"},\"potentialAction\":[{\"@type\":\"SearchAction\",\"target\":{\"@type\":\"EntryPoint\",\"urlTemplate\":\"https:\/\/www.43einhalb.com\/blog\/?s={search_term_string}\"},\"query-input\":\"required name=search_term_string\"}],\"inLanguage\":\"de\"},{\"@type\":\"Organization\",\"@id\":\"https:\/\/www.43einhalb.com\/blog\/#organization\",\"name\":\"43einhalb\",\"url\":\"https:\/\/www.43einhalb.com\/blog\/\",\"logo\":{\"@type\":\"ImageObject\",\"inLanguage\":\"de\",\"@id\":\"https:\/\/www.43einhalb.com\/blog\/#\/schema\/logo\/image\/\",\"url\":\"https:\/\/www.43einhalb.com\/blog\/wp-content\/uploads\/2018\/05\/4312_logo_XL_4000px.png\",\"contentUrl\":\"https:\/\/www.43einhalb.com\/blog\/wp-content\/uploads\/2018\/05\/4312_logo_XL_4000px.png\",\"width\":2000,\"height\":2000,\"caption\":\"43einhalb\"},\"image\":{\"@id\":\"https:\/\/www.43einhalb.com\/blog\/#\/schema\/logo\/image\/\"}}]}<\/script>\n<!-- \/ Yoast SEO plugin. -->","yoast_head_json":{"title":"Danke f\u00fcrs Mitmachen | 43einhalb blog \ud83d\udc5f","robots":{"index":"index","follow":"follow","max-snippet":"max-snippet:-1","max-image-preview":"max-image-preview:large","max-video-preview":"max-video-preview:-1"},"canonical":"https:\/\/www.43einhalb.com\/blog\/danke\/","og_locale":"de_DE","og_type":"article","og_title":"Danke f\u00fcrs Mitmachen | 43einhalb blog \ud83d\udc5f","og_description":"Viel Gl\u00fcck! Wir dr\u00fccken Dir die Daumen. ZUR\u00dcCK ZUM SHOP","og_url":"https:\/\/www.43einhalb.com\/blog\/danke\/","og_site_name":"43einhalb blog","article_modified_time":"2022-06-27T14:12:37+00:00","twitter_card":"summary_large_image","schema":{"@context":"https:\/\/schema.org","@graph":[{"@type":"WebPage","@id":"https:\/\/www.43einhalb.com\/blog\/danke\/","url":"https:\/\/www.43einhalb.com\/blog\/danke\/","name":"Danke f\u00fcrs Mitmachen | 43einhalb blog \ud83d\udc5f","isPartOf":{"@id":"https:\/\/www.43einhalb.com\/blog\/#website"},"datePublished":"2022-06-27T14:01:22+00:00","dateModified":"2022-06-27T14:12:37+00:00","breadcrumb":{"@id":"https:\/\/www.43einhalb.com\/blog\/danke\/#breadcrumb"},"inLanguage":"de","potentialAction":[{"@type":"ReadAction","target":["https:\/\/www.43einhalb.com\/blog\/danke\/"]}]},{"@type":"BreadcrumbList","@id":"https:\/\/www.43einhalb.com\/blog\/danke\/#breadcrumb","itemListElement":[{"@type":"ListItem","position":1,"name":"Startseite","item":"https:\/\/www.43einhalb.com\/blog\/"},{"@type":"ListItem","position":2,"name":"Danke f\u00fcrs Mitmachen"}]},{"@type":"WebSite","@id":"https:\/\/www.43einhalb.com\/blog\/#website","url":"https:\/\/www.43einhalb.com\/blog\/","name":"43einhalb blog","description":"","publisher":{"@id":"https:\/\/www.43einhalb.com\/blog\/#organization"},"potentialAction":[{"@type":"SearchAction","target":{"@type":"EntryPoint","urlTemplate":"https:\/\/www.43einhalb.com\/blog\/?s={search_term_string}"},"query-input":"required name=search_term_string"}],"inLanguage":"de"},{"@type":"Organization","@id":"https:\/\/www.43einhalb.com\/blog\/#organization","name":"43einhalb","url":"https:\/\/www.43einhalb.com\/blog\/","logo":{"@type":"ImageObject","inLanguage":"de","@id":"https:\/\/www.43einhalb.com\/blog\/#\/schema\/logo\/image\/","url":"https:\/\/www.43einhalb.com\/blog\/wp-content\/uploads\/2018\/05\/4312_logo_XL_4000px.png","contentUrl":"https:\/\/www.43einhalb.com\/blog\/wp-content\/uploads\/2018\/05\/4312_logo_XL_4000px.png","width":2000,"height":2000,"caption":"43einhalb"},"image":{"@id":"https:\/\/www.43einhalb.com\/blog\/#\/schema\/logo\/image\/"}}]}},"_links":{"self":[{"href":"https:\/\/www.43einhalb.com\/blog\/wp-json\/wp\/v2\/pages\/30998"}],"collection":[{"href":"https:\/\/www.43einhalb.com\/blog\/wp-json\/wp\/v2\/pages"}],"about":[{"href":"https:\/\/www.43einhalb.com\/blog\/wp-json\/wp\/v2\/types\/page"}],"author":[{"embeddable":true,"href":"https:\/\/www.43einhalb.com\/blog\/wp-json\/wp\/v2\/users\/19"}],"replies":[{"embeddable":true,"href":"https:\/\/www.43einhalb.com\/blog\/wp-json\/wp\/v2\/comments?post=30998"}],"version-history":[{"count":6,"href":"https:\/\/www.43einhalb.com\/blog\/wp-json\/wp\/v2\/pages\/30998\/revisions"}],"predecessor-version":[{"id":31004,"href":"https:\/\/www.43einhalb.com\/blog\/wp-json\/wp\/v2\/pages\/30998\/revisions\/31004"}],"wp:attachment":[{"href":"https:\/\/www.43einhalb.com\/blog\/wp-json\/wp\/v2\/media?parent=30998"}],"curies":[{"name":"wp","href":"https:\/\/api.w.org\/{rel}","templated":true}]}}